{"id":12,"date":"2013-09-11T21:32:07","date_gmt":"2013-09-11T19:32:07","guid":{"rendered":"http:\/\/scfabian.de\/gletscherfleh\/wordpress\/?page_id=12"},"modified":"2016-03-02T00:41:22","modified_gmt":"2016-03-01T22:41:22","slug":"ueber-uns","status":"publish","type":"page","link":"http:\/\/www.scfabian.de\/gletscherfleh\/wordpress\/?page_id=12","title":{"rendered":"\u00dcber uns"},"content":{"rendered":"<p align=\"center\"><b>Chronik der Gletscherfleh<\/b><\/p>\n<p>Im Jahre 1985 haben sich 8 junge Hofweirer \u2013 zum Teil mit selbstgebastelten Instrumenten \u2013 entschlossen,<br \/>\nan der Fasnacht gemeinsam Musik zu machen. Nach einer eiskalten durchzechten Nacht, einigte man sich auf<br \/>\nden Namen Gletscherfleh Hofier.<\/p>\n<p>Das erste H\u00e4s bestand aus einer halblangen schwarz weiss karierten Hose, gelben Kniestr\u00fcmpfen, einer kurzen roten Jacke und einer selbstgebastelten Maske.<\/p>\n<p>Im Jahre 1992 wechselten wir das Outfit. Endlich hatten wir eine typische Gugge-Maske, entworfen mit einem Maskenbauer aus L\u00f6rrach. Dazu trugen wir einen lilafarbenen Frack.<\/p>\n<p>Es folgten noch unser \u201eL\u00f6wenh\u00e4s\u201c im Jahre 1994 und das \u201eMozarth\u00e4s\u201c im Jahre 2000. Von 2007 bis 2013 zierten die Gletscherfleh ein H\u00e4s mit langem Frack, schwarzer Hose und wei\u00dfem Hemd. Zum Saisonauftakt 2013\/2014 haben sich die Gletscherfleh erstmals ein H\u00e4s passend zum Namen in den Gletscherfarben blau\/wei\u00df bzw. silber ausgesucht. Dazu kam erstmals seit 2000 auch wieder eine Maske zum Einsatz, Vorlage hierf\u00fcr war der urspr\u00fcngliche Gletscherfleh-Schwellkopf aus dem Jahr 1992. Im Jahr 2015 erfolgte dann die ofizielle Vereinsgr\u00fcndung zur Eintragung des Vereins im Vereinsregister unter dem Namen &#8222;Guggemusik Gletscherfleh Hofier 1985 e.V.&#8220;<\/p>\n<p>&nbsp;<\/p>\n<blockquote><p><b>Highlights:<\/b><\/p>\n<p>1997 Sommerkarneval in Hardt (\u00d6sterreich) am Bodensee<br \/>\n2000 Cebit in Hannover<br \/>\nUmz\u00fcge und Hallenauftritte von Rheinfelden bis Pforzheim,<br \/>\nvom Elsass bis in den tiefsten Schwarzwald und im Schw\u00e4bischen.<\/p><\/blockquote>\n<p>&nbsp;<\/p>\n<p>Momentan besteht die Guggenmusik Gletscherfleh aus 22 Musikern. 9 Trompeten, 5 Schlagzeugern, 3 gro\u00dfen Trommeln, 4 Posaunen und einem Sousaphon.<br \/>\nWir sind immer offen f\u00fcr neue Mitglieder.<\/p>\n<p>&nbsp;<\/p>\n<p><img loading=\"lazy\" class=\"size-medium wp-image-102 alignnone\" src=\"http:\/\/scfabian.de\/gletscherfleh\/wordpress\/wp-content\/uploads\/2013\/09\/1508161_667056710019263_1199151221_n-300x200.jpg\" alt=\"1508161_667056710019263_1199151221_n\" width=\"300\" height=\"200\" srcset=\"http:\/\/www.scfabian.de\/gletscherfleh\/wordpress\/wp-content\/uploads\/2013\/09\/1508161_667056710019263_1199151221_n-300x200.jpg 300w, http:\/\/www.scfabian.de\/gletscherfleh\/wordpress\/wp-content\/uploads\/2013\/09\/1508161_667056710019263_1199151221_n.jpg 960w\" sizes=\"(max-width: 300px) 100vw, 300px\" \/> \u00a0\u00a0 <img loading=\"lazy\" class=\"size-medium wp-image-103 alignnone\" src=\"http:\/\/scfabian.de\/gletscherfleh\/wordpress\/wp-content\/uploads\/2013\/09\/1800453_678112935580307_573072978_n-300x169.jpg\" alt=\"1800453_678112935580307_573072978_n\" width=\"354\" height=\"199\" srcset=\"http:\/\/www.scfabian.de\/gletscherfleh\/wordpress\/wp-content\/uploads\/2013\/09\/1800453_678112935580307_573072978_n-300x169.jpg 300w, http:\/\/www.scfabian.de\/gletscherfleh\/wordpress\/wp-content\/uploads\/2013\/09\/1800453_678112935580307_573072978_n.jpg 800w\" sizes=\"(max-width: 354px) 100vw, 354px\" \/><\/p>\n","protected":false},"excerpt":{"rendered":"<p>Chronik der Gletscherfleh Im Jahre 1985 haben sich 8 junge Hofweirer \u2013 zum Teil mit selbstgebastelten Instrumenten \u2013 entschlossen, an der Fasnacht gemeinsam Musik zu machen. Nach einer eiskalten durchzechten Nacht, einigte man sich auf den Namen Gletscherfleh Hofier. Das erste H\u00e4s bestand aus einer halblangen schwarz weiss karierten Hose, gelben Kniestr\u00fcmpfen, einer kurzen roten <a class=\"read-more\" href=\"http:\/\/www.scfabian.de\/gletscherfleh\/wordpress\/?page_id=12\">READ MORE<\/a><\/p>\n","protected":false},"author":1,"featured_media":0,"parent":0,"menu_order":0,"comment_status":"closed","ping_status":"closed","template":"","meta":[],"_links":{"self":[{"href":"http:\/\/www.scfabian.de\/gletscherfleh\/wordpress\/index.php?rest_route=\/wp\/v2\/pages\/12"}],"collection":[{"href":"http:\/\/www.scfabian.de\/gletscherfleh\/wordpress\/index.php?rest_route=\/wp\/v2\/pages"}],"about":[{"href":"http:\/\/www.scfabian.de\/gletscherfleh\/wordpress\/index.php?rest_route=\/wp\/v2\/types\/page"}],"author":[{"embeddable":true,"href":"http:\/\/www.scfabian.de\/gletscherfleh\/wordpress\/index.php?rest_route=\/wp\/v2\/users\/1"}],"replies":[{"embeddable":true,"href":"http:\/\/www.scfabian.de\/gletscherfleh\/wordpress\/index.php?rest_route=%2Fwp%2Fv2%2Fcomments&post=12"}],"version-history":[{"count":17,"href":"http:\/\/www.scfabian.de\/gletscherfleh\/wordpress\/index.php?rest_route=\/wp\/v2\/pages\/12\/revisions"}],"predecessor-version":[{"id":419,"href":"http:\/\/www.scfabian.de\/gletscherfleh\/wordpress\/index.php?rest_route=\/wp\/v2\/pages\/12\/revisions\/419"}],"wp:attachment":[{"href":"http:\/\/www.scfabian.de\/gletscherfleh\/wordpress\/index.php?rest_route=%2Fwp%2Fv2%2Fmedia&parent=12"}],"curies":[{"name":"wp","href":"https:\/\/api.w.org\/{rel}","templated":true}]}}